{"id":531,"date":"2019-03-13T15:54:44","date_gmt":"2019-03-13T14:54:44","guid":{"rendered":"http:\/\/bb40.lebasket.net\/?page_id=531"},"modified":"2025-12-11T18:25:01","modified_gmt":"2025-12-11T17:25:01","slug":"camps","status":"publish","type":"page","link":"http:\/\/www.comite40.lebasket.net\/index.php\/camps\/","title":{"rendered":"Landes Basket Camps"},"content":{"rendered":"\t\t<div data-elementor-type=\"wp-page\" data-elementor-id=\"531\" class=\"elementor elementor-531\">\n\t\t\t\t\t\t<section class=\"elementor-section elementor-top-section elementor-element elementor-element-22d08a0 elementor-section-boxed elementor-section-height-default elementor-section-height-default\" data-id=\"22d08a0\" data-element_type=\"section\" data-e-type=\"section\">\n\t\t\t\t\t\t<div class=\"elementor-container elementor-column-gap-default\">\n\t\t\t\t\t<div class=\"elementor-column elementor-col-100 elementor-top-column elementor-element elementor-element-9050ef6\" data-id=\"9050ef6\" data-element_type=\"column\" data-e-type=\"column\">\n\t\t\t<div class=\"elementor-widget-wrap elementor-element-populated\">\n\t\t\t\t\t\t<div class=\"elementor-element elementor-element-0af531e elementor-widget elementor-widget-text-editor\" data-id=\"0af531e\" data-element_type=\"widget\" data-e-type=\"widget\" data-widget_type=\"text-editor.default\">\n\t\t\t\t<div class=\"elementor-widget-container\">\n\t\t\t\t\t\t\t\t\t<p>Vous pourrez cliquer sur l&rsquo;affiche ci dessous pour vous inscrire.<br \/>Pour les personnes d\u00e9j\u00e0 inscrites, vous pouvez mettre votre dossier \u00e0 jour en cliquant sur ce <a href=\"http:\/\/www.comite40.lebasket.net\/pages\/moncompte.php\">lien<\/a><\/p>\t\t\t\t\t\t\t\t<\/div>\n\t\t\t\t<\/div>\n\t\t\t\t\t<\/div>\n\t\t<\/div>\n\t\t\t\t\t<\/div>\n\t\t<\/section>\n\t\t\t\t<section class=\"elementor-section elementor-top-section elementor-element elementor-element-5c0007d elementor-section-boxed elementor-section-height-default elementor-section-height-default\" data-id=\"5c0007d\" data-element_type=\"section\" data-e-type=\"section\">\n\t\t\t\t\t\t<div class=\"elementor-container elementor-column-gap-default\">\n\t\t\t\t\t<div class=\"elementor-column elementor-col-100 elementor-top-column elementor-element elementor-element-40e3071\" data-id=\"40e3071\" data-element_type=\"column\" data-e-type=\"column\">\n\t\t\t<div class=\"elementor-widget-wrap\">\n\t\t\t\t\t\t\t<\/div>\n\t\t<\/div>\n\t\t\t\t\t<\/div>\n\t\t<\/section>\n\t\t\t\t<section class=\"elementor-section elementor-top-section elementor-element elementor-element-3ba2625 elementor-section-boxed elementor-section-height-default elementor-section-height-default\" data-id=\"3ba2625\" data-element_type=\"section\" data-e-type=\"section\">\n\t\t\t\t\t\t<div class=\"elementor-container elementor-column-gap-default\">\n\t\t\t\t\t<div class=\"elementor-column elementor-col-50 elementor-top-column elementor-element elementor-element-0aef2eb\" data-id=\"0aef2eb\" data-element_type=\"column\" data-e-type=\"column\">\n\t\t\t<div class=\"elementor-widget-wrap elementor-element-populated\">\n\t\t\t\t\t\t<div class=\"elementor-element elementor-element-117f220 elementor-widget elementor-widget-image\" data-id=\"117f220\" data-element_type=\"widget\" data-e-type=\"widget\" data-widget_type=\"image.default\">\n\t\t\t\t<div class=\"elementor-widget-container\">\n\t\t\t\t\t\t\t\t\t\t\t\t\t\t\t\t<a href=\"http:\/\/www.comite40.lebasket.net\/com\/articles.php?Page=853\">\n\t\t\t\t\t\t\t<img fetchpriority=\"high\" decoding=\"async\" width=\"819\" height=\"1024\" src=\"http:\/\/www.comite40.lebasket.net\/wp-content\/uploads\/2025\/11\/1-10-819x1024.png\" class=\"attachment-large size-large wp-image-4596\" alt=\"\" srcset=\"http:\/\/www.comite40.lebasket.net\/wp-content\/uploads\/2025\/11\/1-10-819x1024.png 819w, http:\/\/www.comite40.lebasket.net\/wp-content\/uploads\/2025\/11\/1-10-240x300.png 240w, http:\/\/www.comite40.lebasket.net\/wp-content\/uploads\/2025\/11\/1-10-768x960.png 768w, http:\/\/www.comite40.lebasket.net\/wp-content\/uploads\/2025\/11\/1-10.png 1080w\" sizes=\"(max-width: 819px) 100vw, 819px\" \/>\t\t\t\t\t\t\t\t<\/a>\n\t\t\t\t\t\t\t\t\t\t\t\t\t\t\t<\/div>\n\t\t\t\t<\/div>\n\t\t\t\t\t<\/div>\n\t\t<\/div>\n\t\t\t\t<div class=\"elementor-column elementor-col-50 elementor-top-column elementor-element elementor-element-1f43d05\" data-id=\"1f43d05\" data-element_type=\"column\" data-e-type=\"column\">\n\t\t\t<div class=\"elementor-widget-wrap elementor-element-populated\">\n\t\t\t\t\t\t<div class=\"elementor-element elementor-element-8c35d91 elementor-widget elementor-widget-image\" data-id=\"8c35d91\" data-element_type=\"widget\" data-e-type=\"widget\" data-widget_type=\"image.default\">\n\t\t\t\t<div class=\"elementor-widget-container\">\n\t\t\t\t\t\t\t\t\t\t\t\t\t\t\t\t<a href=\"http:\/\/www.comite40.lebasket.net\/com\/articles.php?Page=853\">\n\t\t\t\t\t\t\t<img decoding=\"async\" width=\"819\" height=\"1024\" src=\"http:\/\/www.comite40.lebasket.net\/wp-content\/uploads\/2025\/11\/2-2-1-819x1024.png\" class=\"attachment-large size-large wp-image-4597\" alt=\"\" srcset=\"http:\/\/www.comite40.lebasket.net\/wp-content\/uploads\/2025\/11\/2-2-1-819x1024.png 819w, http:\/\/www.comite40.lebasket.net\/wp-content\/uploads\/2025\/11\/2-2-1-240x300.png 240w, http:\/\/www.comite40.lebasket.net\/wp-content\/uploads\/2025\/11\/2-2-1-768x960.png 768w, http:\/\/www.comite40.lebasket.net\/wp-content\/uploads\/2025\/11\/2-2-1.png 1080w\" sizes=\"(max-width: 819px) 100vw, 819px\" \/>\t\t\t\t\t\t\t\t<\/a>\n\t\t\t\t\t\t\t\t\t\t\t\t\t\t\t<\/div>\n\t\t\t\t<\/div>\n\t\t\t\t\t<\/div>\n\t\t<\/div>\n\t\t\t\t\t<\/div>\n\t\t<\/section>\n\t\t\t\t<\/div>\n\t\t","protected":false},"excerpt":{"rendered":"<p>Vous pourrez cliquer sur l&rsquo;affiche ci dessous pour vous inscrire.Pour les personnes d\u00e9j\u00e0 inscrites, vous pouvez mettre votre dossier \u00e0 jour en cliquant sur ce lien<\/p>\n","protected":false},"author":3,"featured_media":0,"parent":0,"menu_order":0,"comment_status":"closed","ping_status":"closed","template":"","meta":{"site-sidebar-layout":"default","site-content-layout":"","ast-site-content-layout":"default","site-content-style":"default","site-sidebar-style":"default","ast-global-header-display":"","ast-banner-title-visibility":"","ast-main-header-display":"","ast-hfb-above-header-display":"","ast-hfb-below-header-display":"","ast-hfb-mobile-header-display":"","site-post-title":"","ast-breadcrumbs-content":"","ast-featured-img":"","footer-sml-layout":"","ast-disable-related-posts":"","theme-transparent-header-meta":"","adv-header-id-meta":"","stick-header-meta":"","header-above-stick-meta":"","header-main-stick-meta":"","header-below-stick-meta":"","astra-migrate-meta-layouts":"default","ast-page-background-enabled":"default","ast-page-background-meta":{"desktop":{"background-color":"var(--ast-global-color-5)","background-image":"","background-repeat":"repeat","background-position":"center center","background-size":"auto","background-attachment":"scroll","background-type":"","background-media":"","overlay-type":"","overlay-color":"","overlay-opacity":"","overlay-gradient":""},"tablet":{"background-color":"","background-image":"","background-repeat":"repeat","background-position":"center center","background-size":"auto","background-attachment":"scroll","background-type":"","background-media":"","overlay-type":"","overlay-color":"","overlay-opacity":"","overlay-gradient":""},"mobile":{"background-color":"","background-image":"","background-repeat":"repeat","background-position":"center center","background-size":"auto","background-attachment":"scroll","background-type":"","background-media":"","overlay-type":"","overlay-color":"","overlay-opacity":"","overlay-gradient":""}},"ast-content-background-meta":{"desktop":{"background-color":"var(--ast-global-color-4)","background-image":"","background-repeat":"repeat","background-position":"center center","background-size":"auto","background-attachment":"scroll","background-type":"","background-media":"","overlay-type":"","overlay-color":"","overlay-opacity":"","overlay-gradient":""},"tablet":{"background-color":"var(--ast-global-color-4)","background-image":"","background-repeat":"repeat","background-position":"center center","background-size":"auto","background-attachment":"scroll","background-type":"","background-media":"","overlay-type":"","overlay-color":"","overlay-opacity":"","overlay-gradient":""},"mobile":{"background-color":"var(--ast-global-color-4)","background-image":"","background-repeat":"repeat","background-position":"center center","background-size":"auto","background-attachment":"scroll","background-type":"","background-media":"","overlay-type":"","overlay-color":"","overlay-opacity":"","overlay-gradient":""}},"footnotes":""},"class_list":["post-531","page","type-page","status-publish","hentry"],"_links":{"self":[{"href":"http:\/\/www.comite40.lebasket.net\/index.php\/wp-json\/wp\/v2\/pages\/531","targetHints":{"allow":["GET"]}}],"collection":[{"href":"http:\/\/www.comite40.lebasket.net\/index.php\/wp-json\/wp\/v2\/pages"}],"about":[{"href":"http:\/\/www.comite40.lebasket.net\/index.php\/wp-json\/wp\/v2\/types\/page"}],"author":[{"embeddable":true,"href":"http:\/\/www.comite40.lebasket.net\/index.php\/wp-json\/wp\/v2\/users\/3"}],"replies":[{"embeddable":true,"href":"http:\/\/www.comite40.lebasket.net\/index.php\/wp-json\/wp\/v2\/comments?post=531"}],"version-history":[{"count":32,"href":"http:\/\/www.comite40.lebasket.net\/index.php\/wp-json\/wp\/v2\/pages\/531\/revisions"}],"predecessor-version":[{"id":4694,"href":"http:\/\/www.comite40.lebasket.net\/index.php\/wp-json\/wp\/v2\/pages\/531\/revisions\/4694"}],"wp:attachment":[{"href":"http:\/\/www.comite40.lebasket.net\/index.php\/wp-json\/wp\/v2\/media?parent=531"}],"curies":[{"name":"wp","href":"https:\/\/api.w.org\/{rel}","templated":true}]}}